{"id":388,"date":"2016-04-26T13:53:00","date_gmt":"2016-04-26T13:53:00","guid":{"rendered":"https:\/\/adaybilgi.bilkent.edu.tr\/?page_id=388"},"modified":"2025-06-30T14:05:22","modified_gmt":"2025-06-30T14:05:22","slug":"isletme-fakultesi","status":"publish","type":"page","link":"https:\/\/adaybilgi.bilkent.edu.tr\/index.php\/isletme-fakultesi\/","title":{"rendered":"\u0130\u015fletme Fak\u00fcltesi"},"content":{"rendered":"<p><strong><a href=\"http:\/\/www.man.bilkent.edu.tr\/\" target=\"_blank\" rel=\"noopener\">\u0130\u015fletme<\/a><\/strong><\/p>\n<p>\u0130\u015fletme, firmalar\u0131n s\u00fcreklilik ve k\u00e2rl\u0131l\u0131k stratejilerini insan, para, finans, pazarlama, \u00fcretim, t\u00fcketim ve teknoloji gibi de\u011fi\u015fkenler \u0131\u015f\u0131\u011f\u0131nda inceleyen bir disiplindir.<\/p>\n<p>\u0130\u015fletme B\u00f6l\u00fcm\u00fc\u2019n\u00fcn ders i\u00e7erikleri, kuramsal bilgilerin yan\u0131 s\u0131ra uygulamaya y\u00f6nelik nicel ara\u015ft\u0131rmalar, sim\u00fclasyon y\u00f6ntemleri, \u00f6rnek olay analizi ve ger\u00e7ek hayat problem \u00e7\u00f6z\u00fcmleriyle yap\u0131land\u0131r\u0131lm\u0131\u015ft\u0131r. \u0130lk y\u0131lda matematik, iktisat, psikoloji ve sosyoloji gibi temel dersler alan \u00f6\u011frenciler, ilerleyen d\u00f6nemlerde pazarlama, finansman, muhasebe, istatistik, insan kaynaklar\u0131, yat\u0131r\u0131m analizi ve \u00fcretim y\u00f6netimi kavramlar\u0131yla tan\u0131\u015f\u0131rlar. Uzmanla\u015fmak istedikleri alanlara y\u00f6nelik se\u00e7meli dersleri ald\u0131ktan sonra sentez niteli\u011findeki son a\u015famaya ge\u00e7er ve ger\u00e7ek bir i\u015fletmedeki problemi analiz ederek \u00e7\u00f6z\u00fcm \u00f6nerilerinde bulunurlar.<\/p>\n<p>\u0130\u015fletme B\u00f6l\u00fcm\u00fc, i\u015f idaresi ve i\u015fletme e\u011fitimi veren y\u00fcksek\u00f6\u011fretim kurumlar\u0131n\u0131 de\u011ferlendiren ABD merkezli <em>The Association to Advance Collegiate Schools of Business (AACSB) <\/em>kurulu\u015funca akredite edilmi\u015f ilk T\u00fcrk i\u015fletme b\u00f6l\u00fcm\u00fcd\u00fcr. B\u00f6l\u00fcm, ayr\u0131ca finans alan\u0131n\u0131n prestijli kurumlar\u0131ndan <em>Chartered Financial Analyst Institute (CFA) <\/em>ile program orta\u011f\u0131d\u0131r. CFA sertifikas\u0131, \u00f6zellikle yat\u0131r\u0131m bankac\u0131l\u0131\u011f\u0131 alan\u0131nda \u00e7al\u0131\u015fmak isteyen \u00f6\u011frenciler i\u00e7in de\u011ferli bir kazan\u0131md\u0131r.<\/p>\n<p>Mezunlar, kariyerlerini bankac\u0131l\u0131ktan denetime, insan kaynaklar\u0131ndan finansa, dan\u0131\u015fmanl\u0131ktan pazarlamaya uzanan geni\u015f bir \u00e7er\u00e7evede planlayabilmektedir. Amazon, Deloitte, GE Healthcare, J.P. Morgan, KPMG, McKinsey &amp; Company, Novartis, PwC, Samsung, Vodafone gibi uluslararas\u0131 \u015firketler ile Akbank, Ar\u00e7elik, Ford Otosan, Garanti BBVA, T\u00fcrkiye \u0130\u015f Bankas\u0131, Turkcell, THY, T\u00fcrk Telekom, Yap\u0131 Kredi gibi ulusal \u015firketler, mezunlar\u0131n ba\u015far\u0131yla g\u00f6rev yapt\u0131\u011f\u0131 kurulu\u015flardand\u0131r. Lisans\u00fcst\u00fc e\u011fitime y\u00f6nelenlerin tercih etti\u011fi \u00fcniversitelere ise Bocconi, Cornell, Kopenhag, INSEAD, KU Leuven, London School of Economics and Political Science ve UCLA \u00f6rnek g\u00f6sterilebilir.<\/p>\n","protected":false},"excerpt":{"rendered":"<p>\u0130\u015fletme \u0130\u015fletme, firmalar\u0131n s\u00fcreklilik ve k\u00e2rl\u0131l\u0131k stratejilerini insan, para, finans, pazarlama, \u00fcretim, t\u00fcketim ve teknoloji gibi de\u011fi\u015fkenler \u0131\u015f\u0131\u011f\u0131nda inceleyen bir disiplindir. \u0130\u015fletme B\u00f6l\u00fcm\u00fc\u2019n\u00fcn ders i\u00e7erikleri, kuramsal bilgilerin yan\u0131 s\u0131ra uygulamaya y\u00f6nelik nicel ara\u015ft\u0131rmalar, sim\u00fclasyon y\u00f6ntemleri, \u00f6rnek olay analizi ve ger\u00e7ek<\/p>\n","protected":false},"author":1,"featured_media":0,"parent":0,"menu_order":0,"comment_status":"closed","ping_status":"closed","template":"","meta":[],"_links":{"self":[{"href":"https:\/\/adaybilgi.bilkent.edu.tr\/index.php\/wp-json\/wp\/v2\/pages\/388"}],"collection":[{"href":"https:\/\/adaybilgi.bilkent.edu.tr\/index.php\/wp-json\/wp\/v2\/pages"}],"about":[{"href":"https:\/\/adaybilgi.bilkent.edu.tr\/index.php\/wp-json\/wp\/v2\/types\/page"}],"author":[{"embeddable":true,"href":"https:\/\/adaybilgi.bilkent.edu.tr\/index.php\/wp-json\/wp\/v2\/users\/1"}],"replies":[{"embeddable":true,"href":"https:\/\/adaybilgi.bilkent.edu.tr\/index.php\/wp-json\/wp\/v2\/comments?post=388"}],"version-history":[{"count":12,"href":"https:\/\/adaybilgi.bilkent.edu.tr\/index.php\/wp-json\/wp\/v2\/pages\/388\/revisions"}],"predecessor-version":[{"id":3571,"href":"https:\/\/adaybilgi.bilkent.edu.tr\/index.php\/wp-json\/wp\/v2\/pages\/388\/revisions\/3571"}],"wp:attachment":[{"href":"https:\/\/adaybilgi.bilkent.edu.tr\/index.php\/wp-json\/wp\/v2\/media?parent=388"}],"curies":[{"name":"wp","href":"https:\/\/api.w.org\/{rel}","templated":true}]}}