{"id":372,"date":"2016-04-26T13:18:24","date_gmt":"2016-04-26T13:18:24","guid":{"rendered":"https:\/\/adaybilgi.bilkent.edu.tr\/?page_id=372"},"modified":"2025-05-02T13:32:17","modified_gmt":"2025-05-02T13:32:17","slug":"guzel-sanatlar-tasarim-ve-mimarlik-fakultesi-on-kayit-ve-yetenek-sinav-bilgileri","status":"publish","type":"page","link":"https:\/\/adaybilgi.bilkent.edu.tr\/index.php\/guzel-sanatlar-tasarim-ve-mimarlik-fakultesi-on-kayit-ve-yetenek-sinav-bilgileri\/","title":{"rendered":"G\u00fczel Sanatlar, Tasar\u0131m ve Mimarl\u0131k Fak\u00fcltesi \u00d6n Kay\u0131t ve Yetenek S\u0131nav Bilgileri"},"content":{"rendered":"<p>&nbsp;<\/p>\n<p>2025-2026 E\u011fitim \u00d6\u011fretim y\u0131l\u0131nda G\u00fczel Sanatlar, Tasar\u0131m ve Mimarl\u0131k Fak\u00fcltesi\u2019nin G\u00fczel Sanatlar (Resim) B\u00f6l\u00fcm\u00fc\u2019ne \u00d6n Kay\u0131t ve Yetenek S\u0131nav\u0131 ile \u00f6\u011frenci al\u0131nacakt\u0131r.<\/p>\n<p>\u0130\u00e7 Mimarl\u0131k ve \u00c7evre Tasar\u0131m\u0131 B\u00f6l\u00fcm\u00fc EA, \u0130leti\u015fim ve Tasar\u0131m B\u00f6l\u00fcm\u00fc S\u00d6Z, Kentsel Tasar\u0131m ve Peyzaj Mimarisi B\u00f6l\u00fcm\u00fc SAY, Grafik Tasar\u0131m EA, Mimarl\u0131k B\u00f6l\u00fcm\u00fc SAY puan t\u00fcr\u00fcne g\u00f6re merkezi yerle\u015ftirme ile \u00f6\u011frenci alacakt\u0131r.<\/p>\n<p>&nbsp;<\/p>\n<p><strong>\u00d6N KAYIT KO\u015eULLARI<\/strong><\/p>\n<ol>\n<li>Her hangi bir \u00fcniversiteden disiplin nedeni ile uzakla\u015ft\u0131r\u0131lm\u0131\u015f olmamak,<\/li>\n<li>\u0130lgili kanun ve y\u00f6netmeliklerle \u00fcniversiteye girme hakk\u0131 k\u0131s\u0131tlanm\u0131\u015f olmamak.<\/li>\n<\/ol>\n<p><strong>\u00d6N KAYIT BA\u015eVURU TAR\u0130HLER\u0130<\/strong><\/p>\n<p>\u00d6n kay\u0131t ba\u015fvurular <strong>2 Haziran 2025 &#8211; 17 Haziran 2025 <\/strong><strong>\u00a0<\/strong>tarihlerinde\u00a0<a href=\"https:\/\/stars.bilkent.edu.tr\/basvuru\"><strong>https:\/\/stars.bilkent.edu.tr\/basvuru<\/strong><\/a> adresinden yap\u0131lacakt\u0131r.<\/p>\n<p><strong>\u00d6N KAYITTA YAPILACAK \u0130\u015eLEMLER<\/strong><\/p>\n<p><strong>2.300 TL <\/strong>kay\u0131t \u00fccretinin \u00f6denmesi (\u00d6deme yaln\u0131z kredi kart\u0131 ile\u00a0<a href=\"https:\/\/stars.bilkent.edu.tr\/basvuru\"><strong>https:\/\/stars.bilkent.edu.tr\/basvuru<\/strong><\/a>\u00a0adresinden yap\u0131labilmektedir.)<\/p>\n<p>\u00d6deme sonucunda olu\u015fan kod ile\u00a0<a href=\"https:\/\/stars.bilkent.edu.tr\/yetenek_onkayit\/giris\/FA\"><strong>https:\/\/stars.bilkent.edu.tr\/yetenek_onkayit\/giris\/FA<\/strong><\/a>\u00a0adresinden Yetenek S\u0131nav\u0131 Giri\u015f Belgesinin olu\u015fturulmas\u0131.<\/p>\n<p><em>BA\u015eVURU \u00dcCRET\u0130 H\u0130\u00c7B\u0130R NEDENLE \u0130ADE ED\u0130LMEZ.<\/em><\/p>\n<p><em><u>YANLARINDA GE\u00c7ERL\u0130 B\u0130R K\u0130ML\u0130K \u0130LE B\u0130LKENT \u00dcN\u0130VERS\u0130TES\u0130 YETENEK SINAVI G\u0130R\u0130\u015e BELGES\u0130 OLMAYAN ADAYLAR KES\u0130NL\u0130KLE SINAVA ALINMAYACAKTIR.<\/u><\/em><\/p>\n<p><strong>B\u00d6L\u00dcME KES\u0130N KAYIT YAPTIRMAYA HAK KAZANMI\u015e \u00d6\u011eRENC\u0130 KABULLER\u0130<\/strong><\/p>\n<p><strong>KES\u0130N KAYIT \u0130\u00c7\u0130N GEREKEN YKS \/ TYT PUANLARI<\/strong><\/p>\n<p>Bilkent \u00dcniversitesi G\u00fczel Sanatlar b\u00f6l\u00fcm\u00fcne, 2025-2026 Akademik y\u0131l\u0131nda \u00f6\u011frenim g\u00f6rmek \u00fczere ba\u015fvuran ve ba\u015far\u0131l\u0131 bulunan adaylar\u0131n \u00fcniversiteye kesin kay\u0131t yapt\u0131rabilmeleri i\u00e7in 2025 y\u0131l\u0131 Temel Yeterlilik Testine (TYT) girmi\u015f ve 190 ve \u00fczeri puan alm\u0131\u015f olmas\u0131 gerekmektedir.<\/p>\n<p><strong>G\u00dcZEL SANATLAR, TASARIM VE M\u0130MARLIK FAK\u00dcLTES\u0130 YETENEK SINAVLARI<\/strong><\/p>\n<p>S\u0131navlar, G\u00fczel Sanatlar, Tasar\u0131m ve Mimarl\u0131k Fak\u00fcltesi\u2019nde yap\u0131lacak ve adaylar\u0131n hangi dersliklerde s\u0131nava girecekleri <strong>18 Haziran 2025 \u00c7ar\u015famba g\u00fcn\u00fc<\/strong> G\u00fczel Sanatlar, Tasar\u0131m ve Mimarl\u0131k Fak\u00fcltesi Dekanl\u0131k giri\u015finde ve\u00a0<a href=\"http:\/\/finearts.bilkent.edu.tr\/\"><strong>http:\/\/finearts.bilkent.edu.tr\/<\/strong><\/a>\u00a0adresinde ilan edilecektir.<\/p>\n<p>T\u00fcm adaylar,\u00a0<strong>3 Temmuz 2025, Per\u015fembe\u00a0<\/strong>g\u00fcn\u00fc saat\u00a0<strong>10:00<\/strong>&#8216;da, &#8220;<strong>Desen S\u0131nav\u0131<\/strong>&#8220;na gireceklerdir. \u0130ki saat s\u00fcrecek olan s\u0131navda \u00e7izim yapt\u0131r\u0131lmaktad\u0131r. Adaylar\u0131n yanlar\u0131nda ka\u011f\u0131t k\u0131skac\u0131, \u00e7e\u015fitli sertlik derecelerinde kur\u015fun kalem (HB, 2H, B, 2B), kalemt\u0131ra\u015f ve silgi bulundurmalar\u0131 gerekmektedir.<\/p>\n<p><strong>Desen s\u0131nav\u0131nda ba\u015far\u0131l\u0131 olan adaylar 4 Temmuz 2025 Cuma g\u00fcn\u00fc saat 10:00&#8217;da ara\u015ft\u0131rma ve yarat\u0131c\u0131l\u0131\u011fa y\u00f6nelik m\u00fclakata al\u0131nacakt\u0131r.<\/strong><\/p>\n","protected":false},"excerpt":{"rendered":"<p>&nbsp; 2025-2026 E\u011fitim \u00d6\u011fretim y\u0131l\u0131nda G\u00fczel Sanatlar, Tasar\u0131m ve Mimarl\u0131k Fak\u00fcltesi\u2019nin G\u00fczel Sanatlar (Resim) B\u00f6l\u00fcm\u00fc\u2019ne \u00d6n Kay\u0131t ve Yetenek S\u0131nav\u0131 ile \u00f6\u011frenci al\u0131nacakt\u0131r. \u0130\u00e7 Mimarl\u0131k ve \u00c7evre Tasar\u0131m\u0131 B\u00f6l\u00fcm\u00fc EA, \u0130leti\u015fim ve Tasar\u0131m B\u00f6l\u00fcm\u00fc S\u00d6Z, Kentsel Tasar\u0131m ve Peyzaj Mimarisi<\/p>\n","protected":false},"author":1,"featured_media":0,"parent":0,"menu_order":0,"comment_status":"closed","ping_status":"closed","template":"","meta":[],"_links":{"self":[{"href":"https:\/\/adaybilgi.bilkent.edu.tr\/index.php\/wp-json\/wp\/v2\/pages\/372"}],"collection":[{"href":"https:\/\/adaybilgi.bilkent.edu.tr\/index.php\/wp-json\/wp\/v2\/pages"}],"about":[{"href":"https:\/\/adaybilgi.bilkent.edu.tr\/index.php\/wp-json\/wp\/v2\/types\/page"}],"author":[{"embeddable":true,"href":"https:\/\/adaybilgi.bilkent.edu.tr\/index.php\/wp-json\/wp\/v2\/users\/1"}],"replies":[{"embeddable":true,"href":"https:\/\/adaybilgi.bilkent.edu.tr\/index.php\/wp-json\/wp\/v2\/comments?post=372"}],"version-history":[{"count":26,"href":"https:\/\/adaybilgi.bilkent.edu.tr\/index.php\/wp-json\/wp\/v2\/pages\/372\/revisions"}],"predecessor-version":[{"id":3477,"href":"https:\/\/adaybilgi.bilkent.edu.tr\/index.php\/wp-json\/wp\/v2\/pages\/372\/revisions\/3477"}],"wp:attachment":[{"href":"https:\/\/adaybilgi.bilkent.edu.tr\/index.php\/wp-json\/wp\/v2\/media?parent=372"}],"curies":[{"name":"wp","href":"https:\/\/api.w.org\/{rel}","templated":true}]}}