{"id":122,"date":"2016-04-08T07:28:30","date_gmt":"2016-04-08T07:28:30","guid":{"rendered":"http:\/\/w4.bilkent.edu.tr\/adaybilgi\/?page_id=122"},"modified":"2024-07-05T10:47:28","modified_gmt":"2024-07-05T10:47:28","slug":"sikca-sorulan-sorular","status":"publish","type":"page","link":"https:\/\/adaybilgi.bilkent.edu.tr\/index.php\/sikca-sorulan-sorular\/","title":{"rendered":"S\u0131k\u00e7a Sorulan Sorular"},"content":{"rendered":"<p><a name=\"genel\"><\/a><strong>Genel Bilgiler<\/strong><\/p>\n<ol>\n<li><a href=\"https:\/\/adaybilgi.bilkent.edu.tr\/index.php\/sss_cevap\/#genel1\">Bilkent \u00dcniversitesi ne zaman a\u00e7\u0131ld\u0131?<\/a><\/li>\n<li><a href=\"https:\/\/adaybilgi.bilkent.edu.tr\/index.php\/sss_cevap\/#genel2\">\u00dcniversitenizde ka\u00e7 \u00f6\u011frenci \u00f6\u011frenim g\u00f6r\u00fcyor?<\/a><\/li>\n<li><a href=\"https:\/\/adaybilgi.bilkent.edu.tr\/index.php\/sss_cevap\/#genel3\">Derslerin t\u00fcm\u00fc \u0130ngilizce mi?<\/a><\/li>\n<li><a href=\"https:\/\/adaybilgi.bilkent.edu.tr\/index.php\/sss_cevap\/#genel4\">Ba\u015fka hangi yabanc\u0131 dilleri \u00f6\u011frenebiliriz?<\/a><\/li>\n<li><a href=\"https:\/\/adaybilgi.bilkent.edu.tr\/index.php\/sss_cevap\/#genel5\">\u00dcniversitenizde bu y\u0131l hangi fak\u00fclteler \u00f6\u011frenci alacak?<\/a><\/li>\n<li><a href=\"https:\/\/adaybilgi.bilkent.edu.tr\/index.php\/sss_cevap\/#genel6\">Bilkent K\u00fct\u00fcphanesi&#8217;nin \u00f6zellikleri nelerdir?<\/a><\/li>\n<\/ol>\n<p><strong><a name=\"giris\"><\/a>Bilkent \u00dcniversitesi&#8217;ne Giri\u015f<\/strong><\/p>\n<ol>\n<li><a href=\"https:\/\/adaybilgi.bilkent.edu.tr\/index.php\/sss_cevap\/#giris1\">Bilkent \u00dcniversitesi lisans programlar\u0131 i\u00e7in gereken puan t\u00fcrleri ve \u00f6\u011frenci kontenjanlar\u0131 nedir?<\/a><\/li>\n<li><a href=\"https:\/\/adaybilgi.bilkent.edu.tr\/index.php\/sss_cevap\/#giris2\">\u00dcniversitenize giri\u015f ko\u015fullar\u0131 nelerdir?<\/a><\/li>\n<li><a href=\"https:\/\/adaybilgi.bilkent.edu.tr\/index.php\/sss_cevap\/#giris3\">Yetenek s\u0131navlar\u0131n\u0131za girersem, \u00d6SYM taraf\u0131ndan da bir e\u011fitim program\u0131na yerle\u015ftirilir miyim?<\/a><\/li>\n<li><a href=\"https:\/\/adaybilgi.bilkent.edu.tr\/index.php\/sss_cevap\/#giris4\">Hangi b\u00f6l\u00fcmler yetenek s\u0131nav\u0131 ile \u00f6\u011frenci al\u0131yor?<\/a><\/li>\n<li><a href=\"https:\/\/adaybilgi.bilkent.edu.tr\/index.php\/sss_cevap\/#giris5\">Yetenek s\u0131nav\u0131 ile \u00f6\u011frenci alan b\u00f6l\u00fcmleriniz i\u00e7in bir kurs var m\u0131?<\/a><\/li>\n<li><a href=\"https:\/\/adaybilgi.bilkent.edu.tr\/index.php\/sss_cevap\/#giris6\">Yan dal uygulaman\u0131z var m\u0131?<\/a><\/li>\n<li><a href=\"https:\/\/adaybilgi.bilkent.edu.tr\/index.php\/sss_cevap\/#giris7\">\u00c7ift ana dal yap\u0131labiliyor mu?<\/a><\/li>\n<li><a href=\"https:\/\/adaybilgi.bilkent.edu.tr\/index.php\/sss_cevap\/#giris8\">IB diplomas\u0131yla ge\u00e7i\u015f yap\u0131labilir mi?<\/a><\/li>\n<li><a href=\"https:\/\/adaybilgi.bilkent.edu.tr\/index.php\/sss_cevap\/#giris9\">Okurken izin alabiliyor muyum? \u0130zin al\u0131nca e\u011fitim \u00fccreti \u00f6denmeye devam ediliyor mu?<\/a><\/li>\n<\/ol>\n<p><strong><a name=\"ucret\"><\/a>\u00dccretler<\/strong><\/p>\n<ol>\n<li><a href=\"https:\/\/adaybilgi.bilkent.edu.tr\/index.php\/sss_cevap\/#ucret1\">E\u011fitim \u00fccreti hakk\u0131nda bilgi verir misiniz?<\/a><\/li>\n<li><a href=\"https:\/\/adaybilgi.bilkent.edu.tr\/index.php\/sss_cevap\/#ucret2\">T\u00fcm b\u00f6l\u00fcmler i\u00e7in e\u011fitim \u00fccreti ayn\u0131 m\u0131d\u0131r?<\/a><\/li>\n<li><a href=\"https:\/\/adaybilgi.bilkent.edu.tr\/index.php\/sss_cevap\/#ucret3\">E\u011fitim \u00fccreti i\u00e7in taksitlendirme yap\u0131yor musunuz?<\/a><\/li>\n<li><a href=\"https:\/\/adaybilgi.bilkent.edu.tr\/index.php\/sss_cevap\/#ucret3\">Yaz Okulu e\u011fitim \u00fccretine dahil midir?<\/a><\/li>\n<\/ol>\n<p><strong><a name=\"burslar\"><\/a>Burslar<\/strong><\/p>\n<ol>\n<li><a href=\"https:\/\/adaybilgi.bilkent.edu.tr\/index.php\/sss_cevap\/#burs1\">Burs olanaklar\u0131 nelerdir?<\/a><\/li>\n<li><a href=\"https:\/\/adaybilgi.bilkent.edu.tr\/index.php\/sss_cevap\/#burs2\">Burslu veya \u00fccretli \u00f6\u011frenciler, Bilkent \u00dcniversitesi d\u0131\u015f\u0131nda bir kurumun verece\u011fi ba\u015fka bir burstan yararlanabilir mi?<\/a><\/li>\n<li><a href=\"https:\/\/adaybilgi.bilkent.edu.tr\/index.php\/sss_cevap\/#burs3\">Burslu ve \u00fccretli \u00f6\u011frencilerin bir arada e\u011fitim g\u00f6rmeleri bir sorun yarat\u0131r m\u0131?<\/a><\/li>\n<li><a href=\"https:\/\/adaybilgi.bilkent.edu.tr\/index.php\/sss_cevap\/#burs4\">Bir dersten ge\u00e7ilemezse veya s\u0131n\u0131fta kal\u0131n\u0131rsa burs kesilir mi?<\/a><\/li>\n<li><a href=\"https:\/\/adaybilgi.bilkent.edu.tr\/index.php\/sss_cevap\/#burs5\">Tam Burs ile Kapsaml\u0131 Burs&#8217;un farklar\u0131 nelerdir?<\/a><\/li>\n<li><a href=\"https:\/\/adaybilgi.bilkent.edu.tr\/index.php\/sss_cevap\/#burs6\">\u00dccretli bir \u00f6\u011frencinin burs edinebilme olana\u011f\u0131 nedir?<\/a><\/li>\n<li><a href=\"https:\/\/adaybilgi.bilkent.edu.tr\/index.php\/sss_cevap\/#burs7\">Yetenek s\u0131nav\u0131 ile girilen b\u00f6l\u00fcmlerde burs olana\u011f\u0131 var m\u0131?<\/a><\/li>\n<li><a href=\"https:\/\/adaybilgi.bilkent.edu.tr\/index.php\/sss_cevap\/#burs8\">Burslu \u00f6\u011frenciler Yaz Okulu&#8217;ndan da \u00fccretsiz yararlanabilir mi?<\/a><\/li>\n<li><a href=\"https:\/\/adaybilgi.bilkent.edu.tr\/index.php\/sss_cevap\/#burs9\">\u00dcniversitenize Kapsaml\u0131 Burslu olarak yerle\u015ftirilirsem, bu bursun sa\u011flad\u0131\u011f\u0131 \u00fccretsiz yurt olana\u011f\u0131ndan faydalanmak istemiyorum. Bu durumda bursun i\u00e7eri\u011finde bir de\u011fi\u015fiklik olur mu?<\/a><\/li>\n<li><a href=\"https:\/\/adaybilgi.bilkent.edu.tr\/index.php\/sss_cevap\/#burs10\">\u0130lk 10.000&#8217;e girdim ve belirtilen illerden bir liseden mezun oldum. K\u0131zlara bursu otomatik olarak alabilecek miyim?<\/a><\/li>\n<\/ol>\n<p><strong><a name=\"hazirlik\"><\/a>\u0130ngilizce Haz\u0131rl\u0131k Program\u0131<\/strong><\/p>\n<ol>\n<li><a href=\"https:\/\/adaybilgi.bilkent.edu.tr\/index.php\/sss_cevap\/#ing1\">\u0130ngilizce Haz\u0131rl\u0131k program\u0131 var m\u0131?<\/a><\/li>\n<li><a href=\"https:\/\/adaybilgi.bilkent.edu.tr\/index.php\/sss_cevap\/#ing2\">PAE s\u0131nav\u0131n\u0131 ge\u00e7mek \u00e7ok zor deniyor, do\u011fru mu?<\/a><\/li>\n<li><a href=\"https:\/\/adaybilgi.bilkent.edu.tr\/index.php\/sss_cevap\/#ing3\">\u0130ngilizce Haz\u0131rl\u0131k Program\u0131&#8217;ndan\u00a0muaf olma \u015fartlar\u0131 nelerdir?<\/a><\/li>\n<li><a href=\"https:\/\/adaybilgi.bilkent.edu.tr\/index.php\/sss_cevap\/#ing4\">\u0130ngilizce Seviye Tespit S\u0131nav\u0131 \u00f6ncesinde bir kurs var m\u0131? Bu s\u0131nav\u0131n i\u00e7eri\u011fi hakk\u0131nda bilgi alabilir miyiz?<\/a><\/li>\n<li><a href=\"https:\/\/adaybilgi.bilkent.edu.tr\/index.php\/sss_cevap\/#ing5\">\u0130ngilizce Haz\u0131rl\u0131k Program\u0131 ne kadar s\u00fcrer?<\/a><\/li>\n<li><a href=\"https:\/\/adaybilgi.bilkent.edu.tr\/index.php\/sss_cevap\/#ing6\">\u0130ngilizce Haz\u0131rl\u0131k Program\u0131&#8217;nda \u00f6\u011frenciler seviyelere nas\u0131l yerle\u015ftiriliyor?<\/a><\/li>\n<li><a href=\"https:\/\/adaybilgi.bilkent.edu.tr\/index.php\/sss_cevap\/#ing7\">\u0130ngilizce Seviye Tespit S\u0131nav\u0131&#8217;n\u0131n 1. a\u015famas\u0131na girilip 2. a\u015famas\u0131na (PAE) girilmezse ne olur?<\/a><\/li>\n<li><a href=\"https:\/\/adaybilgi.bilkent.edu.tr\/index.php\/sss_cevap\/#ing8\">1. A\u015fama ve 2. A\u015fama (PAE) s\u0131nav sonu\u00e7lar\u0131 nereden \u00f6\u011frenilebilir?<\/a><\/li>\n<li><a href=\"https:\/\/adaybilgi.bilkent.edu.tr\/index.php\/sss_cevap\/#ing9\">\u0130ngilizce Haz\u0131rl\u0131k Program\u0131&#8217;nda bir y\u0131ll\u0131k kitap gideri ne kadard\u0131r?<\/a><\/li>\n<li><a href=\"https:\/\/adaybilgi.bilkent.edu.tr\/index.php\/sss_cevap\/#ing10\">Burslu bir \u00f6\u011frencinin \u0130ngilizce Haz\u0131rl\u0131k Program\u0131&#8217;nda kur tekrar\u0131 yapmas\u0131 nedeniyle bursu kesilir mi?<\/a><\/li>\n<li><a href=\"https:\/\/adaybilgi.bilkent.edu.tr\/index.php\/sss_cevap\/#ing11\">\u0130ngilizce Haz\u0131rl\u0131k Program\u0131&#8217;nda \u00f6\u011frenime ara vermek istenirse \u015fartlar nelerdir? Ka\u00e7 yar\u0131y\u0131l izin al\u0131nabilir? Ara verilirse y\u0131ll\u0131k \u00f6\u011frenim \u00fccreti geri \u00f6deniyor mu?<\/a><\/li>\n<li><a href=\"https:\/\/adaybilgi.bilkent.edu.tr\/index.php\/sss_cevap\/#ing12\">\u0130ngilizce Haz\u0131rl\u0131k Program\u0131&#8217;nda derslere devam zorunlulu\u011fu var m\u0131?<\/a><\/li>\n<\/ol>\n<p><strong><a name=\"ogrenim\"><\/a>\u00d6\u011frenim S\u00fcreci<\/strong><\/p>\n<ol>\n<li><a href=\"https:\/\/adaybilgi.bilkent.edu.tr\/index.php\/sss_cevap\/#ogrenim1\">\u00d6\u011frenime ara vermek istenirse \u015fartlar neler? Ka\u00e7 d\u00f6nem izin al\u0131nabilir? Ara verilirse y\u0131ll\u0131k \u00f6\u011frenim \u00fccreti geri \u00f6deniyor mu?<\/a><\/li>\n<li><a href=\"https:\/\/adaybilgi.bilkent.edu.tr\/index.php\/sss_cevap\/#ogrenim2\">Bilkent&#8217;te ders y\u00fck\u00fcn\u00fcn a\u011f\u0131r oldu\u011fu s\u00f6yleniyor, bu do\u011fru mu?<\/a><\/li>\n<li><a href=\"https:\/\/adaybilgi.bilkent.edu.tr\/index.php\/sss_cevap\/#ogrenim5\">Yaz Okulu ne gibi olanaklar sunmaktad\u0131r?<\/a><\/li>\n<li><a href=\"https:\/\/adaybilgi.bilkent.edu.tr\/index.php\/sss_cevap\/#ogrenim6\">Lisans \u00f6\u011fretimi boyunca ara\u015ft\u0131rma yapmaya f\u0131rsat bulacak m\u0131y\u0131z?<\/a><\/li>\n<li><a href=\"https:\/\/adaybilgi.bilkent.edu.tr\/index.php\/sss_cevap\/#ogrenim7\">\u00d6\u011frencilerin \u00fcniversite i\u00e7inde \u00e7al\u0131\u015f\u0131p para kazanma olanaklar\u0131 var m\u0131?<\/a><\/li>\n<li><a href=\"https:\/\/adaybilgi.bilkent.edu.tr\/index.php\/sss_cevap\/#ogrenim8\">Uluslararas\u0131 \u00f6\u011frenci de\u011fi\u015fim (&#8220;exchange&#8221;) programlar\u0131na kimler ba\u015fvurabilir?<\/a><\/li>\n<li><a href=\"https:\/\/adaybilgi.bilkent.edu.tr\/index.php\/sss_cevap\/#ogrenim9\">De\u011fi\u015fim programlar\u0131yla hangi \u00fclkelerin \u00fcniversitelerine gidebilirim?<\/a><\/li>\n<li><a href=\"https:\/\/adaybilgi.bilkent.edu.tr\/index.php\/sss_cevap\/#ogrenim10\">\u00dcniversite i\u00e7inde b\u00f6l\u00fcmleraras\u0131 ge\u00e7i\u015f olana\u011f\u0131 var m\u0131?<\/a><\/li>\n<li><a href=\"https:\/\/adaybilgi.bilkent.edu.tr\/index.php\/sss_cevap\/#ogrenim11\">Ba\u015fka bir \u00fcniversiteden Bilkent \u00dcniversitesi&#8217;ne yatay ge\u00e7i\u015f olana\u011f\u0131 var m\u0131?<\/a><\/li>\n<li><a href=\"https:\/\/adaybilgi.bilkent.edu.tr\/index.php\/sss_cevap\/#ogrenim12\">Burslu olarak yatay ge\u00e7i\u015f olana\u011f\u0131 var m\u0131?<\/a><\/li>\n<li><a href=\"https:\/\/adaybilgi.bilkent.edu.tr\/index.php\/sss_cevap\/#ogrenim13\">Daha \u00f6nce bir ba\u015fka \u00fcniversitede \u00f6\u011frenim g\u00f6r\u00fcrken ald\u0131\u011f\u0131m dersleri Bilkent \u00dcniversitesi&#8217;ndeki programda sayd\u0131rabilir miyim?<\/a><\/li>\n<\/ol>\n<p><strong><a name=\"yurtlar\"><\/a>Yurtlar<\/strong><\/p>\n<ol>\n<li><a href=\"https:\/\/adaybilgi.bilkent.edu.tr\/index.php\/sss_cevap\/#yurt1\">Yurt olanaklar\u0131 nelerdir?<\/a><\/li>\n<li><a href=\"https:\/\/adaybilgi.bilkent.edu.tr\/index.php\/sss_cevap\/#yurt2\">Yurt \u00fccreti ne kadar?<\/a><\/li>\n<li><a href=\"https:\/\/adaybilgi.bilkent.edu.tr\/index.php\/sss_cevap\/#yurt3\">Bilkent \u00dcniversitesi&#8217;ne kayd\u0131m\u0131 yapt\u0131rd\u0131m ve yurtlarda kalmak istiyorum. Yurtlarda kalmaya ne zaman ba\u015flayabilirim?<\/a><\/li>\n<li><a href=\"https:\/\/adaybilgi.bilkent.edu.tr\/index.php\/sss_cevap\/#yurt4\">Yar\u0131y\u0131l i\u00e7erisinde yurttan ayr\u0131l\u0131rsam \u00f6dedi\u011fim \u00fccret geri verilir mi?<\/a><\/li>\n<li><a href=\"https:\/\/adaybilgi.bilkent.edu.tr\/index.php\/sss_cevap\/#yurt5\">Annem, babam, karde\u015fim veya arkada\u015f\u0131m odamda kalabilir mi?<\/a><\/li>\n<li><a href=\"https:\/\/adaybilgi.bilkent.edu.tr\/index.php\/sss_cevap\/#yurt6\">Sa\u011fl\u0131k sorunum oldu\u011funda \u00fcniversitede ba\u015fvurabilece\u011fim bir yer var m\u0131?<\/a><\/li>\n<\/ol>\n<p><strong><a name=\"mezun\"><\/a>Mezuniyet ve Sonras\u0131<\/strong><\/p>\n<ol>\n<li><a href=\"https:\/\/adaybilgi.bilkent.edu.tr\/index.php\/sss_cevap\/#mezun1\">Bilkent diplomas\u0131 nerelerde ge\u00e7erlidir?<\/a><\/li>\n<li><a href=\"https:\/\/adaybilgi.bilkent.edu.tr\/index.php\/sss_cevap\/#mezun2\">Mezun olacak \u00f6\u011frencilerin i\u015f bulmas\u0131na yard\u0131mc\u0131 oluyor musunuz?<\/a><\/li>\n<\/ol>\n<p><strong><a name=\"tur\"><\/a>Tan\u0131t\u0131m<\/strong><\/p>\n<ol>\n<li><a href=\"https:\/\/adaybilgi.bilkent.edu.tr\/index.php\/sss_cevap\/#bilgi1\">Kamp\u00fcs\u00fc diledi\u011fimizde gezebiliyor muyuz?<\/a><\/li>\n<li><a href=\"https:\/\/adaybilgi.bilkent.edu.tr\/index.php\/sss_cevap\/#bilgi2\">Hedefledi\u011fimiz meslekler hakk\u0131nda nas\u0131l bilgi alabiliriz?<\/a><\/li>\n<\/ol>\n<p><strong><br \/>\n<a name=\"osys\"><\/a>B\u00f6l\u00fcm Se\u00e7imi<\/strong><\/p>\n<ol>\n<li><a href=\"https:\/\/adaybilgi.bilkent.edu.tr\/index.php\/sss_cevap\/#osys2\">Bilgisayar ve bili\u015fimle ilgili bir b\u00f6l\u00fcmde e\u011fitim almak istiyorum. Acaba tercihlerimi belirlerken bana yard\u0131mc\u0131 olabilmeniz a\u00e7\u0131s\u0131ndan \u00fcniversitenizin ilgili b\u00f6l\u00fcmlerini \u00f6\u011frenebilir miyim?<\/a><\/li>\n<li><a href=\"https:\/\/adaybilgi.bilkent.edu.tr\/index.php\/sss_cevap\/#osys4\">Ek yerle\u015ftirme ile \u00fcniversitenize girebilir miyim?<\/a><\/li>\n<li><a href=\"https:\/\/adaybilgi.bilkent.edu.tr\/index.php\/sss_cevap\/#osys5\">Ek yerle\u015ftirme sonu\u00e7lar\u0131 belli oldu\u011funda derslerin ba\u015flam\u0131\u015f olmas\u0131, ek yerle\u015ftirme ile gelecek \u00f6\u011frenciler i\u00e7in bir sorun yarat\u0131r m\u0131?<\/a><\/li>\n<\/ol>\n<p>&nbsp;<\/p>\n","protected":false},"excerpt":{"rendered":"<p>Genel Bilgiler Bilkent \u00dcniversitesi ne zaman a\u00e7\u0131ld\u0131? \u00dcniversitenizde ka\u00e7 \u00f6\u011frenci \u00f6\u011frenim g\u00f6r\u00fcyor? Derslerin t\u00fcm\u00fc \u0130ngilizce mi? Ba\u015fka hangi yabanc\u0131 dilleri \u00f6\u011frenebiliriz? \u00dcniversitenizde bu y\u0131l hangi fak\u00fclteler \u00f6\u011frenci alacak? Bilkent K\u00fct\u00fcphanesi&#8217;nin \u00f6zellikleri nelerdir? Bilkent \u00dcniversitesi&#8217;ne Giri\u015f Bilkent \u00dcniversitesi lisans programlar\u0131 i\u00e7in<\/p>\n","protected":false},"author":1,"featured_media":0,"parent":0,"menu_order":0,"comment_status":"closed","ping_status":"closed","template":"","meta":[],"_links":{"self":[{"href":"https:\/\/adaybilgi.bilkent.edu.tr\/index.php\/wp-json\/wp\/v2\/pages\/122"}],"collection":[{"href":"https:\/\/adaybilgi.bilkent.edu.tr\/index.php\/wp-json\/wp\/v2\/pages"}],"about":[{"href":"https:\/\/adaybilgi.bilkent.edu.tr\/index.php\/wp-json\/wp\/v2\/types\/page"}],"author":[{"embeddable":true,"href":"https:\/\/adaybilgi.bilkent.edu.tr\/index.php\/wp-json\/wp\/v2\/users\/1"}],"replies":[{"embeddable":true,"href":"https:\/\/adaybilgi.bilkent.edu.tr\/index.php\/wp-json\/wp\/v2\/comments?post=122"}],"version-history":[{"count":28,"href":"https:\/\/adaybilgi.bilkent.edu.tr\/index.php\/wp-json\/wp\/v2\/pages\/122\/revisions"}],"predecessor-version":[{"id":3371,"href":"https:\/\/adaybilgi.bilkent.edu.tr\/index.php\/wp-json\/wp\/v2\/pages\/122\/revisions\/3371"}],"wp:attachment":[{"href":"https:\/\/adaybilgi.bilkent.edu.tr\/index.php\/wp-json\/wp\/v2\/media?parent=122"}],"curies":[{"name":"wp","href":"https:\/\/api.w.org\/{rel}","templated":true}]}}