{"id":1080,"date":"2017-06-20T15:23:51","date_gmt":"2017-06-20T15:23:51","guid":{"rendered":"https:\/\/adaybilgi.bilkent.edu.tr\/?page_id=1080"},"modified":"2025-07-30T14:31:15","modified_gmt":"2025-07-30T14:31:15","slug":"kizlara-burs-programi","status":"publish","type":"page","link":"https:\/\/adaybilgi.bilkent.edu.tr\/index.php\/kizlara-burs-programi\/","title":{"rendered":"K\u0131zlara Burs Program\u0131"},"content":{"rendered":"<p><img loading=\"lazy\" class=\"alignright wp-image-2821\" src=\"https:\/\/adaybilgi.bilkent.edu.tr\/wp-content\/uploads\/2022\/06\/BilkentUniversitesi_kb.jpg\" alt=\"\" width=\"600\" height=\"330\" srcset=\"https:\/\/adaybilgi.bilkent.edu.tr\/wp-content\/uploads\/2022\/06\/BilkentUniversitesi_kb.jpg 1100w, https:\/\/adaybilgi.bilkent.edu.tr\/wp-content\/uploads\/2022\/06\/BilkentUniversitesi_kb-300x165.jpg 300w, https:\/\/adaybilgi.bilkent.edu.tr\/wp-content\/uploads\/2022\/06\/BilkentUniversitesi_kb-1024x563.jpg 1024w, https:\/\/adaybilgi.bilkent.edu.tr\/wp-content\/uploads\/2022\/06\/BilkentUniversitesi_kb-768x422.jpg 768w, https:\/\/adaybilgi.bilkent.edu.tr\/wp-content\/uploads\/2022\/06\/BilkentUniversitesi_kb-600x330.jpg 600w\" sizes=\"(max-width: 600px) 100vw, 600px\" \/><\/p>\n<p>Lise e\u011fitimini Kalk\u0131nmada \u00d6ncelikli Y\u00f6reler&#8217;de* tamamlam\u0131\u015f ve \u00fcniversite s\u0131nav\u0131nda y\u00fcksek ba\u015far\u0131 g\u00f6stermi\u015f olan k\u0131z \u00f6\u011frenciler Bilkent \u00dcniversitesi K\u0131zlara Burs Program\u0131\u2019na ba\u015fvurabilecektir.<\/p>\n<p>Ba\u015fvurular, tercih d\u00f6neminde\u00a0<strong><a href=\"https:\/\/stars.bilkent.edu.tr\/kob-burs\/\">internet sitesi<\/a> <\/strong>\u00fczerinden al\u0131nacak, de\u011ferlendirme sonucunda se\u00e7ilen \u00f6\u011frencilere burs taahh\u00fctnamesi tercihlerin son g\u00fcn\u00fcnden \u00f6nce yaz\u0131l\u0131 olarak bildirilecektir.<\/p>\n<p><strong>K\u0131zlara Burs Program\u0131\u2019n\u0131n \u0130\u00e7eri\u011fi:<\/strong><br \/>\nK\u0131zlara Burs Program\u0131, Bilkent \u00dcniversitesi\u2019nin <strong><a href=\"https:\/\/adaybilgi.bilkent.edu.tr\/index.php\/burslar\/\">Kapsaml\u0131 Burs<\/a><\/strong>\u2019u ile ayn\u0131 olanaklar\u0131 sa\u011flamaktad\u0131r.<\/p>\n<p><strong>Bursun i\u00e7eri\u011fi:<\/strong><br \/>\n&#8211; E\u011fitim \u00fccreti<br \/>\n&#8211; Bilkent \u00dcniversitesi yurtlar\u0131nda konaklama (iki ki\u015filik oda)<br \/>\n&#8211; Ayl\u0131k katk\u0131 bursu<br \/>\nBursun azami s\u00fcresi \u0130ngilizce Haz\u0131rl\u0131k Program\u0131\u2019nda 2 y\u0131l, haz\u0131rl\u0131k sonras\u0131 lisans program\u0131nda 5 y\u0131ld\u0131r.<\/p>\n<p><strong>Ba\u015fvuru Ko\u015fullar\u0131:<\/strong><br \/>\n&#8211;<strong>\u00a0<\/strong>Lise e\u011fitimini Kalk\u0131nmada \u00d6ncelikli Y\u00f6reler Kapsam\u0131ndaki \u0130ller\u2019de* tamamlam\u0131\u015f ve 2024-2025 e\u011fitim \u00f6\u011fretim d\u00f6neminde mezun olmu\u015f olmak.<br \/>\n&#8211; Bilkent \u00dcniversitesi Bilgisayar M\u00fchendisli\u011fi, Elektrik \u2013 Elektronik M\u00fchendisli\u011fi, End\u00fcstri M\u00fchendisli\u011fi, Makine M\u00fchendisli\u011fi b\u00f6l\u00fcmlerine \u00fccretli veya %50 Burslu kontenjanlardan yerle\u015febiliyor olmak ve ilgili yerle\u015ftirme puan t\u00fcr\u00fcnde ba\u015far\u0131 s\u0131ras\u0131 ilk 10.000 i\u00e7inde yer almak.<strong><br \/>\n<\/strong><\/p>\n<p>Ba\u015fvuru Tarihleri: <strong>24 Temmuz &#8211; 4 A\u011fustos 2025 <\/strong>(23:59)<\/p>\n<p>Ba\u015fvurular internet \u00fczerinden yap\u0131lacakt\u0131r. \u0130nternet Adresi: <strong><a href=\"https:\/\/stars.bilkent.edu.tr\/kob-burs\/\">https:\/\/stars.bilkent.edu.tr\/kob-burs\/<\/a><br \/>\nSonu\u00e7lar tercih d\u00f6nemi bitmeden e-posta yoluyla iletilecektir.<br \/>\n<\/strong><\/p>\n<p>E-posta: <a href=\"mailto:gelisim@bilkent.edu.tr\">gelisim@bilkent.edu.tr<\/a><br \/>\nTelefon: 0312 2902165<\/p>\n<p>&nbsp;<\/p>\n<p><img loading=\"lazy\" class=\"size-full wp-image-3609 alignleft\" src=\"https:\/\/adaybilgi.bilkent.edu.tr\/wp-content\/uploads\/2025\/07\/buse_sahan.jpg\" alt=\"\" width=\"250\" height=\"375\" srcset=\"https:\/\/adaybilgi.bilkent.edu.tr\/wp-content\/uploads\/2025\/07\/buse_sahan.jpg 250w, https:\/\/adaybilgi.bilkent.edu.tr\/wp-content\/uploads\/2025\/07\/buse_sahan-200x300.jpg 200w\" sizes=\"(max-width: 250px) 100vw, 250px\" \/>M\u00fchendislik tutkum daha ortaokul y\u0131llar\u0131nda ba\u015flad\u0131 ve lise hayat\u0131mda giderek artt\u0131. Ancak Elektrik ve Elektronik M\u00fchendisli\u011fi, her \u00fcniversitede kolayl\u0131kla okunabilecek bir b\u00f6l\u00fcm de\u011fildi. Bu nedenle \u00e7ok \u00e7al\u0131\u015fmam gerekti\u011finin fark\u0131ndayd\u0131m. Lise hayat\u0131m boyunca her zaman disiplinli ve ba\u015far\u0131l\u0131 bir \u00f6\u011frenci oldum. \u00d6\u011fretmenlerimden s\u0131k s\u0131k \u201cSen t\u0131p kazanacaks\u0131n\u201d s\u00f6z\u00fcn\u00fc duydu\u011fumda hep ayn\u0131 cevab\u0131 verdim: \u201cHay\u0131r, ben ba\u015far\u0131l\u0131 bir kad\u0131n m\u00fchendis olaca\u011f\u0131m.\u201d Bu c\u00fcmlem, \u00f6\u011fretmenlerimizin bile m\u00fchendisli\u011fin kad\u0131nlar i\u00e7in zor oldu\u011funu d\u00fc\u015f\u00fcnd\u00fc\u011f\u00fc bir d\u00f6nemde, sizlerin sundu\u011fu de\u011ferli K\u0131zlara Burs Program\u0131 sayesinde ger\u00e7e\u011fe d\u00f6n\u00fc\u015ft\u00fc.\u00dcniversite s\u0131nav sonu\u00e7lar\u0131m a\u00e7\u0131kland\u0131\u011f\u0131nda s\u0131ralamam, hayalini kurdu\u011fum hedeflerimin alt\u0131nda kalm\u0131\u015ft\u0131. Ne yapaca\u011f\u0131m\u0131 d\u00fc\u015f\u00fcn\u00fcrken, lise rehber \u00f6\u011fretmenimin y\u00f6nlendirmesiyle K\u0131zlara Burs Program\u0131\u2019ndan haberdar oldum. Ba\u015fta, \u201cKim bilir ne kadar ba\u015far\u0131l\u0131 \u00f6\u011frenciler ba\u015fvuruyordur\u201d diyerek kendime g\u00fcvenememi\u015f ve ba\u015fvurmaktan vazge\u00e7mi\u015ftim. Ancak son ba\u015fvuru g\u00fcn\u00fcn\u00fcn son saatlerinde, annemin \u0131srar\u0131 sayesinde ba\u015fvurumu tamamlad\u0131m. Kabul haberini ald\u0131\u011f\u0131mda mutluluktan a\u011flad\u0131\u011f\u0131m\u0131 hi\u00e7 unutmuyorum. Bug\u00fcn, Bilkent \u00dcniversitesi\u2019nde ge\u00e7irdi\u011fim zorlu ama bir o kadar da \u00f6\u011fretici, ilham verici ve ba\u015far\u0131 dolu y\u0131llar\u0131n ard\u0131ndan, \u201c\u0130yi ki o g\u00fcn vazge\u00e7memi\u015fim\u201d diyorum. \u015eimdi mezuniyetimi kutlarken, Bilkent \u00dcniversitesi\u2019nin bana kazand\u0131rd\u0131\u011f\u0131 ayr\u0131cal\u0131klar\u0131 hem akademik, hem kariyer, hem de sosyal hayat\u0131mda fazlas\u0131yla hissediyorum.Bize sunulan bu de\u011ferli imkan i\u00e7in hem Bilkent \u00dcniversitesi\u2019ne hem de K\u0131zlara Burs Program\u0131\u2019n\u0131n t\u00fcm ba\u011f\u0131\u015f\u00e7\u0131lar\u0131na en i\u00e7ten te\u015fekk\u00fcrlerimi sunuyorum.<\/p>\n<p>Buse \u015eahan<br \/>\nElektrik &#8211; Elektronik M\u00fchendisli\u011fi, 2025 Mezunu<br \/>\nK\u0131r\u015fehir Ahi Evran Anadolu Lisesi<\/p>\n<p>&nbsp;<\/p>\n<p>&nbsp;<\/p>\n<p><img loading=\"lazy\" class=\"alignleft wp-image-1385\" src=\"https:\/\/adaybilgi.bilkent.edu.tr\/wp-content\/uploads\/2017\/06\/damla_akcaoglu.jpg\" alt=\"damla_akcaoglu\" width=\"250\" height=\"375\" srcset=\"https:\/\/adaybilgi.bilkent.edu.tr\/wp-content\/uploads\/2017\/06\/damla_akcaoglu.jpg 500w, https:\/\/adaybilgi.bilkent.edu.tr\/wp-content\/uploads\/2017\/06\/damla_akcaoglu-200x300.jpg 200w\" sizes=\"(max-width: 250px) 100vw, 250px\" \/>\u201c\u00dcniversiteye haz\u0131rl\u0131k y\u0131l\u0131, herkesin akl\u0131nda k\u00fc\u00e7\u00fck k\u00fc\u00e7\u00fck hayallerin oldu\u011fu bir y\u0131l. B\u00f6yle bir s\u00fcre\u00e7ten sonra\u00a0gelece\u011fini \u015fekillendirecek olan ve her zaman \u00fczerinde bir marka gibi ta\u015f\u0131yaca\u011f\u0131n \u00fcniversiteyi se\u00e7mek, b\u00fct\u00fcn\u00a0f\u0131rsatlar\u0131 enine boyuna de\u011ferlendirmek elbette zor. Ben de o d\u00f6nemde kafamda k\u00fc\u00e7\u00fck hayallerle yola \u00e7\u0131km\u0131\u015f\u00a0ve bu hayalleri benimle birlikte b\u00fcy\u00fctebilecek bir \u00fcniversite aramaya ba\u015flam\u0131\u015ft\u0131m. Bu do\u011frultuda Bilkent\u00a0her zaman akl\u0131mda olan bir \u00fcniversiteydi; ancak istedi\u011fim b\u00f6l\u00fcm\u00fc k\u0131l pay\u0131 ka\u00e7\u0131rm\u0131\u015ft\u0131m. Her \u015feye ra\u011fmen\u00a0umudumu kesmemi\u015ftim. Bilkent\u2019in olanaklar\u0131n\u0131 ara\u015ft\u0131rmaya ve hayalini kurmaya devam ederken \u00fcniversitenin\u00a0internet sitesinde K\u0131zlara Burs Program\u0131\u2019n\u0131 fark ettim. \u0130\u015fte arad\u0131\u011f\u0131m f\u0131rsat buydu! \u0130yi ki de buradan \u00f6yle \u00e7abuk\u00a0vazge\u00e7memi\u015fim dedim kendi kendime. Hemen programa ba\u015fvurdum. Tabii sonu\u00e7lar a\u00e7\u0131klanana kadar daha\u00a0pek \u00e7ok \u00fcniversiteyi ara\u015ft\u0131rm\u0131\u015ft\u0131m ve kafam iyice kar\u0131\u015fm\u0131\u015ft\u0131. Bu karma\u015fa i\u00e7inde bursu almaya hak kazand\u0131\u011f\u0131m\u0131\u00a0\u00f6\u011frendi\u011fim an ya\u015fad\u0131\u011f\u0131m sevinci anlatamam. Bir k\u0131z\u0131n ne i\u015fi var m\u00fchendislikte diye d\u00fc\u015f\u00fcnenler varken Bilkent\u2019in\u00a0b\u00f6yle bir proje yaratmas\u0131 gelece\u011fe daha b\u00fcy\u00fck bir umutla bakmam\u0131 sa\u011flad\u0131. Kad\u0131nlar\u0131n da gelece\u011fe y\u00f6n\u00a0verebilece\u011fine inanan bir \u00fcniversitede okudu\u011fumu bilmek beni her zaman \u00e7ok mutlu edecek.\u201d<\/p>\n<p>Damla Akcao\u011flu<br \/>\nElektrik &#8211; Elektronik M\u00fchendisli\u011fi B\u00f6l\u00fcm\u00fc, 2022 mezunu<br \/>\nKastamonu Fen Lisesi Mezunu<\/p>\n<p>&nbsp;<\/p>\n<p>&nbsp;<\/p>\n<p><img loading=\"lazy\" class=\"size-full wp-image-2449 alignleft\" src=\"https:\/\/adaybilgi.bilkent.edu.tr\/wp-content\/uploads\/2021\/07\/gokce_kaya.jpg\" alt=\"\" width=\"250\" height=\"375\" srcset=\"https:\/\/adaybilgi.bilkent.edu.tr\/wp-content\/uploads\/2021\/07\/gokce_kaya.jpg 250w, https:\/\/adaybilgi.bilkent.edu.tr\/wp-content\/uploads\/2021\/07\/gokce_kaya-200x300.jpg 200w\" sizes=\"(max-width: 250px) 100vw, 250px\" \/>&#8220;Bilkent \u00dcniversitesi, lisedeyken bir \u00fcniversite gezisinde g\u00f6rd\u00fc\u011f\u00fcm ve o andan itibaren \u00f6\u011frencisi olmay\u0131 arzulad\u0131\u011f\u0131m bir okuldu; \u00fcniversite s\u0131nav\u0131na haz\u0131rlan\u0131rken en b\u00fcy\u00fck motivasyon kayna\u011f\u0131m ve hayalimdi. S\u0131nav sonu\u00e7lar\u0131 a\u00e7\u0131kland\u0131ktan sonra okulun tan\u0131t\u0131m g\u00fcnlerine kat\u0131ld\u0131\u011f\u0131mda \u00f6n\u00fcmde duran bir bro\u015f\u00fcrde K\u0131zlara Burs Program\u0131ndan bahsediliyordu. Ka\u011f\u0131d\u0131 inceleyip program\u0131n \u015fartlar\u0131na uygun oldu\u011fumu fark edince o kadar mutlu olmu\u015ftum ki! \u00dcstelik ba\u015fvuru i\u00e7in son g\u00fcnd\u00fc. Buldu\u011fum ilk bilgisayardan ba\u015fvurumu yapt\u0131m ve heyecanl\u0131 bekleyi\u015fim ba\u015flad\u0131. Bir\u00e7ok \u00f6\u011frenci aras\u0131ndan se\u00e7ilmenin \u00e7ok zor oldu\u011funu d\u00fc\u015f\u00fcn\u00fcrken bakt\u0131m ki ben de Bilkent \u00f6\u011frencisi olmu\u015fum. \u00d6\u011frencisi olduktan sonra ne kadar do\u011fru bir se\u00e7im yapt\u0131\u011f\u0131m\u0131 tekrar tekrar anlad\u0131\u011f\u0131m \u00fcniversitemin \u00f6\u011frenciye verdi\u011fi de\u011fer, akademik ba\u015far\u0131s\u0131 ve disiplini takdire \u015fayan. Mezun olduktan sonra Bilkentli olman\u0131n getirece\u011fi avantajlar\u0131 \u015fimdiden hissedebiliyorum. Burada ald\u0131\u011f\u0131m e\u011fitimin ve tan\u0131d\u0131\u011f\u0131m insanlar\u0131n hem kariyerim hem de bireysel geli\u015fimim \u00fczerinde b\u00fcy\u00fck art\u0131lar\u0131 olaca\u011f\u0131n\u0131, hedeflerime ula\u015fmamda bana \u0131\u015f\u0131k tutaca\u011f\u0131n\u0131 biliyorum. Bizlere b\u00f6yle bir imkan sunduklar\u0131 i\u00e7in program\u0131n ba\u011f\u0131\u015f\u00e7\u0131lar\u0131na ve Bilkent ailesine te\u015fekk\u00fcr ederim.&#8221;<\/p>\n<p>G\u00f6k\u00e7e Laleo\u011flu<br \/>\nHukuk Fak\u00fcltesi, 2023 mezunu<br \/>\nK\u0131r\u015fehir Ahi Evran Anadolu Lisesi<\/p>\n<p>&nbsp;<\/p>\n<p>&nbsp;<\/p>\n<p>&nbsp;<\/p>\n<p><img loading=\"lazy\" class=\"alignleft wp-image-1386\" src=\"https:\/\/adaybilgi.bilkent.edu.tr\/wp-content\/uploads\/2017\/06\/ayseeda_ersoz.jpg\" alt=\"ayseeda_ersoz\" width=\"250\" height=\"375\" srcset=\"https:\/\/adaybilgi.bilkent.edu.tr\/wp-content\/uploads\/2017\/06\/ayseeda_ersoz.jpg 500w, https:\/\/adaybilgi.bilkent.edu.tr\/wp-content\/uploads\/2017\/06\/ayseeda_ersoz-200x300.jpg 200w\" sizes=\"(max-width: 250px) 100vw, 250px\" \/>\u201cLiseye ba\u015flad\u0131\u011f\u0131m g\u00fcnden itibaren g\u00f6nl\u00fcmde Bilkent Hukuk vard\u0131. S\u0131navdan sonra s\u0131ralamam gelince Bilkent \u00dcniversitesi\u2019nin hep d\u00fc\u015fledi\u011fim o ayr\u0131cal\u0131kl\u0131 e\u011fitim ve kamp\u00fcs ya\u015fant\u0131s\u0131ndan yararlanamayaca\u011f\u0131m\u0131 d\u00fc\u015f\u00fcn\u00fcyordum. Bilkent, i\u015fte tam o anda bana bir s\u00fcrpriz ya\u015fatarak bilim ve e\u011fitime verdi\u011fi \u00f6nemi K\u0131zlara Burs Program\u0131\u2019yla kan\u0131tlad\u0131; ger\u00e7ekten do\u011fru \u00fcniversiteyi istedi\u011fimi g\u00f6sterdi. Rekt\u00f6r yard\u0131mc\u0131m\u0131z\u0131n beni do\u011frudan arayarak burs ba\u015fvurumun sonucunu haber vermesi, daha \u00fcniversiteye ba\u015flamadan bana Bilkent\u2019in \u00f6\u011frenci odakl\u0131 anlay\u0131\u015f\u0131n\u0131 hissettirdi. Hayata bak\u0131\u015f a\u00e7\u0131m\u0131 geli\u015ftirece\u011fim \u00fcniversite ya\u015fam\u0131nda emin ellerde oldu\u011fumu biliyorum.\u201d<\/p>\n<p>Ay\u015fe Eda Ers\u00f6z<br \/>\nHukuk Fak\u00fcltesi, 2022 mezunu<br \/>\nK\u0131r\u0131kkale Fen Lisesi Mezunu<\/p>\n<p>&nbsp;<\/p>\n<p>&nbsp;<\/p>\n<p>&nbsp;<\/p>\n<p>&nbsp;<\/p>\n<p>&nbsp;<\/p>\n<p><strong>* Kalk\u0131nmada \u00d6ncelikli Y\u00f6reler Kapsam\u0131ndaki \u0130ller<\/strong><\/p>\n<table style=\"width: 793px;\">\n<tbody>\n<tr>\n<td style=\"width: 139px;\">1. Ad\u0131yaman<br \/>\n2. A\u011fr\u0131<br \/>\n3. Aksaray<br \/>\n4. Amasya<br \/>\n5. Ardahan<br \/>\n6. Artvin<br \/>\n7. Bart\u0131n<br \/>\n8. Batman<br \/>\n9. Bayburt<br \/>\n10. Bing\u00f6l<\/td>\n<td style=\"width: 155px;\">11. Bitlis<br \/>\n12. \u00c7anakkale<br \/>\n(Bozcaada ve<br \/>\nG\u00f6k\u00e7eada\u00a0\u0130l\u00e7eleri)<br \/>\n13. \u00c7ank\u0131r\u0131<br \/>\n14. \u00c7orum<br \/>\n15. Diyarbak\u0131r<br \/>\n16. Elaz\u0131\u011f<br \/>\n17. Erzincan<br \/>\n18. Erzurum<br \/>\n19. Giresun<br \/>\n20. G\u00fcm\u00fc\u015fhane<\/td>\n<td style=\"width: 173px;\">21. Hakkari<br \/>\n22. I\u011fd\u0131r<br \/>\n23. Kahramanmara\u015f<br \/>\n24. Karab\u00fck<br \/>\n25. Karaman<br \/>\n26. Kars<br \/>\n27. Kastamonu<br \/>\n28. K\u0131r\u0131kkale<br \/>\n29. K\u0131r\u015fehir<br \/>\n30. Kilis<\/td>\n<td style=\"width: 138px;\">31. Malatya<br \/>\n32. Mardin<br \/>\n33. Mu\u015f<br \/>\n34. Nev\u015fehir<br \/>\n35. Ni\u011fde<br \/>\n36. Ordu<br \/>\n37. Osmaniye<br \/>\n38. Rize<br \/>\n39. Samsun<br \/>\n40. Siirt<\/td>\n<td style=\"width: 186px;\">41. Sinop<br \/>\n42. Sivas<br \/>\n43. \u015eanl\u0131urfa<br \/>\n44. \u015e\u0131rnak<br \/>\n45. Tokat<br \/>\n46. Trabzon<br \/>\n47. Tunceli<br \/>\n48. Van<br \/>\n49. Yozgat<br \/>\n50. Zonguldak<\/td>\n<\/tr>\n<\/tbody>\n<\/table>\n<p>&nbsp;<\/p>\n","protected":false},"excerpt":{"rendered":"<p>Lise e\u011fitimini Kalk\u0131nmada \u00d6ncelikli Y\u00f6reler&#8217;de* tamamlam\u0131\u015f ve \u00fcniversite s\u0131nav\u0131nda y\u00fcksek ba\u015far\u0131 g\u00f6stermi\u015f olan k\u0131z \u00f6\u011frenciler Bilkent \u00dcniversitesi K\u0131zlara Burs Program\u0131\u2019na ba\u015fvurabilecektir. Ba\u015fvurular, tercih d\u00f6neminde\u00a0internet sitesi \u00fczerinden al\u0131nacak, de\u011ferlendirme sonucunda se\u00e7ilen \u00f6\u011frencilere burs taahh\u00fctnamesi tercihlerin son g\u00fcn\u00fcnden \u00f6nce yaz\u0131l\u0131 olarak bildirilecektir.<\/p>\n","protected":false},"author":1,"featured_media":0,"parent":0,"menu_order":0,"comment_status":"closed","ping_status":"closed","template":"","meta":[],"_links":{"self":[{"href":"https:\/\/adaybilgi.bilkent.edu.tr\/index.php\/wp-json\/wp\/v2\/pages\/1080"}],"collection":[{"href":"https:\/\/adaybilgi.bilkent.edu.tr\/index.php\/wp-json\/wp\/v2\/pages"}],"about":[{"href":"https:\/\/adaybilgi.bilkent.edu.tr\/index.php\/wp-json\/wp\/v2\/types\/page"}],"author":[{"embeddable":true,"href":"https:\/\/adaybilgi.bilkent.edu.tr\/index.php\/wp-json\/wp\/v2\/users\/1"}],"replies":[{"embeddable":true,"href":"https:\/\/adaybilgi.bilkent.edu.tr\/index.php\/wp-json\/wp\/v2\/comments?post=1080"}],"version-history":[{"count":108,"href":"https:\/\/adaybilgi.bilkent.edu.tr\/index.php\/wp-json\/wp\/v2\/pages\/1080\/revisions"}],"predecessor-version":[{"id":3644,"href":"https:\/\/adaybilgi.bilkent.edu.tr\/index.php\/wp-json\/wp\/v2\/pages\/1080\/revisions\/3644"}],"wp:attachment":[{"href":"https:\/\/adaybilgi.bilkent.edu.tr\/index.php\/wp-json\/wp\/v2\/media?parent=1080"}],"curies":[{"name":"wp","href":"https:\/\/api.w.org\/{rel}","templated":true}]}}